ctors of 3473889095?
5, 694777819
List the prime factors of 622867132.
2, 1481, 105143
List the prime factors of 33620065.
5, 6724013
What are the prime factors of 1222238540?
2, 5, 61111927
List the prime factors of 60970083.
3, 1489, 13649
What are the prime factors of 22004255?
5, 7, 13, 137, 353
List the prime factors of 74065109.
74065109
List the prime factors of 1561868567.
7, 23, 31, 312937
List the prime factors of 388291226.
2, 194145613
What are the prime factors of 1137118940?
2, 5, 47, 1051, 1151
What are the prime factors of 157617322?
2, 269, 292969
What are the prime factors of 27845641?
27845641
What are the prime factors of 1741511839?
307, 5672677
List the prime factors of 647510855.
5, 1283, 100937
List the prime factors of 6960385.
5, 283, 4919
What are the prime factors of 154745724?
2, 3, 7, 89, 2957
What are the prime factors of 7648172?
2, 7, 273149
What are the prime factors of 36999185?
5, 7399837
List the prime factors of 586801174.
2, 293400587
What are the prime factors of 83950633?
13, 6457741
List the prime factors of 138782724.
2, 3, 109, 106103
What are the prime factors of 88384592?
2, 1123, 4919
List the prime factors of 1387835346.
2, 3, 231305891
List the prime factors of 1838486784.
2, 3, 23, 29, 37, 97
List the prime factors of 7875139.
19, 97, 4273
List the prime factors of 581167114.
2, 11, 2401517
What are the prime factors of 15338183?
7, 2191169
What are the prime factors of 3746769497?
3746769497
List the prime factors of 1507492035.
3, 5, 7, 97, 103, 479
What are the prime factors of 62295060?
2, 3, 5, 1038251
What are the prime factors of 74953625?
5, 599629
What are the prime factors of 9200681?
7, 103, 1823
List the prime factors of 223490909.
43, 5197463
What are the prime factors of 126307514?
2, 1973, 32009
List the prime factors of 36645366.
2, 3, 53, 115237
What are the prime factors of 623482794?
2, 3, 11, 107, 29429
What are the prime factors of 813296739?
3, 271098913
What are the prime factors of 422383557?
3, 521, 270239
List the prime factors of 16853476.
2, 4213369
What are the prime factors of 68822583?
3, 22940861
List the prime factors of 1478231445.
3, 5, 19, 5186777
What are the prime factors of 723801836?
2, 29, 1103, 5657
List the prime factors of 413990767.
3191, 129737
What are the prime factors of 592371991?
67, 139, 63607
List the prime factors of 1157483694.
2, 3, 23, 8387563
What are the prime factors of 1190942805?
3, 5, 13, 73, 83663
What are the prime factors of 154248017?
7, 11, 182111
List the prime factors of 92241720.
2, 3, 5, 223, 383
List the prime factors of 471685523.
471685523
List the prime factors of 131402375.
5, 13, 80863
What are the prime factors of 7022365214?
2, 547, 6418981
What are the prime factors of 3758985902?
2, 7, 38356999
List the prime factors of 2505995525.
5, 11, 179, 50909
What are the prime factors of 35524714?
2, 113, 157189
What are the prime factors of 642500639?
11, 58409149
List the prime factors of 380669973.
3, 857, 148063
What are the prime factors of 996033328?
2, 179, 457, 761
List the prime factors of 335059239.
3, 17, 23, 285643
What are the prime factors of 40375522?
2, 11, 166841
List the prime factors of 132428940.
2, 3, 5, 7, 23, 13709
List the prime factors of 7340680674.
2, 3, 2851, 47681
List the prime factors of 274087429.
7, 11, 103, 4937
What are the prime factors of 5302451725?
5, 17, 73, 277, 617
List the prime factors of 3102155484.
2, 3, 263, 982939
What are the prime factors of 4561098478?
2, 659, 853, 4057
List the prime factors of 459675306.
2, 3, 73, 349829
List the prime factors of 276176061.
3, 7, 229, 709
What are the prime factors of 611022568?
2, 13, 17, 345601
List the prime factors of 116222285.
5, 17, 29, 47149
List the prime factors of 3314398497.
3, 1104799499
List the prime factors of 323588115.
3, 5, 17, 43, 1093
What are the prime factors of 318499262?
2, 23, 301039
What are the prime factors of 1027207519?
13, 6078151
List the prime factors of 299696706.
2, 3, 17, 326467
What are the prime factors of 1302948609?
3, 139, 3124577
What are the prime factors of 52989724?
2, 61, 79, 2749
What are the prime factors of 18781663?
53, 354371
What are the prime factors of 1570012763?
11, 31, 4604143
List the prime factors of 64443023.
61, 1056443
List the prime factors of 16489055.
5, 11, 19, 31, 509
List the prime factors of 1567278.
2, 3, 87071
What are the prime factors of 164605174?
2, 53, 1552879
List the prime factors of 82431775.
5, 29, 67, 1697
What are the prime factors of 14011661?
113, 123997
List the prime factors of 125190213.
3, 41730071
List the prime factors of 763603000.
2, 5, 409, 1867
What are the prime factors of 2569477625?
5, 11, 13, 31, 4637
List the prime factors of 8079998.
2, 17, 107, 2221
List the prime factors of 69029024.
2, 2157157
What are the prime factors of 40890283?
7, 5841469
What are the prime factors of 75292467?
3, 97, 258737
List the prime factors of 219879103.
23, 151, 63311
What are the prime factors of 166980198?
2, 3, 7, 11, 31, 89, 131
What are the prime factors of 1063055288?
2, 17, 37, 43
List the prime factors of 4743753.
3, 7, 397, 569
List the prime factors of 17096688.
2, 3, 7, 2423
List the prime factors of 11690919.
3, 191, 2267
List the prime factors of 1869012171.
3, 13, 101, 52721
What are the prime factors of 2103155704?
2, 13, 3541, 5711
What are the prime factors of 878116241?
23, 38178967
What are the prime factors of 10713130?
2, 5, 1071313
What are the prime factors of 3259209?
3, 109, 9967
What are the prime factors of 3063333767?
13, 19, 251, 49411
List the prime factors of 129840469.
11, 71, 83, 2003
List the prime factors of 492341933.
23, 503, 42557
What are the prime factors of 137971027?
19, 41, 177113
What are the prime factors of 2061494174?
2, 29, 35543003
List the prime factors of 1014071163.
3, 7, 31, 41, 37993
What are the prime factors of 5560367274?
2, 3, 7, 11, 41, 97849
What are the prime factors of 7995869?
7, 163181
List the prime factors of 194750817.
3, 19, 127, 26903
What are the prime factors of 106690580?
2, 5, 941, 5669
List the prime factors of 3826075760.
2, 5, 13, 17, 23, 97
List the prime factors of 2069660869.
17, 121744757
What are the prime factors of 376767504?
2, 3, 719, 1213
List the prime factors of 320271474.
2, 3, 53, 191, 5273
What are the prime factors of 1120863949?
29, 3967, 9743
List the prime factors of 985408216.
2, 13, 167, 56737
What are the prime factors of 17882380?
2, 5, 894119
What are the prime factors of 239571388?
2, 7, 59, 20717
What are the prime factors of 677523827?
359, 1887253
List the prime factors of 180581548.
2, 7, 17, 19, 41, 487
What are the prime factors of 174537967?
31, 1433, 3929
List the prime factors of 308149462.
2, 389, 396079
What are the prime factors of 3846780631?
3846780631
List the prime factors of 1119770339.
19, 349, 168869
What are the prime factors of 1241139283?
17077, 72679
What are the prime factors of 74588348?
2, 29, 41, 15683
List the prime factors of 5581540737.
3, 206723731
List the prime factors of 1888655822.
2, 19, 2731, 18199
What are the prime factors of 416108379?
3, 19, 1093, 6679
List the prime factors of 29495756.
2, 31, 79, 3011
List the prime factors of 2283656462.
2, 1141828231
List the prime factors of 31716211.
47, 674813
What are the prime factors of 47717426?
2, 23858713
What are the prime factors of 49485492?
2, 3, 7, 1039
List the prime factors of 6679678594.
2, 239, 563, 24821
List the prime factors of 185282472.
2, 3, 7720103
List the prime factors of 80433747.
3, 31, 288293
List the prime factors of 104775124.
2, 1033, 25357
List the prime factors of 3816825809.
827, 4615267
List the prime factors of 85663153.
17, 19, 113, 2347
What are the prime factors of 41594394?
2, 3, 269, 25771
What are the prime factors of 16577424?
2, 3, 19, 73, 83
List the prime factors of 7772320.
2, 5, 31, 1567
List the prime factors of 7993499878.
2, 7, 13, 43, 1021403
List the prime factors of 1998140034.
2, 3, 11, 61, 45119
What are the prime factors of 310830250?
2, 5, 131, 9491
List the prime factors of 7962629950.
2, 5, 11, 193, 75013
List the prime factors of 114082537.
1607, 70991
What are the prime factors of 52249288?
2, 7, 13, 10253
List 